{"id":14,"date":"2021-10-04T19:49:17","date_gmt":"2021-10-04T19:49:17","guid":{"rendered":"https:\/\/gut-ettenhausen.website\/?page_id=14"},"modified":"2024-03-12T12:58:22","modified_gmt":"2024-03-12T12:58:22","slug":"pensionsstall","status":"publish","type":"page","link":"https:\/\/gut-ettenhausen.de\/?page_id=14","title":{"rendered":"Pensionsstall"},"content":{"rendered":"<p>[vc_section el_id=&#8220;weiden&#8220;][vc_row][vc_column]<div class=\"mkdf-section-title-holder   mkdf-st-subtitle-pos-under\" style=\"text-align: left\">\n\t<div class=\"mkdf-st-inner\">\n\t\t\t\t\t\t\t<h4 class=\"mkdf-st-title\" >\n\t\t\t\tWeiden\t\t\t<\/h4>\n\t\t\t\t<div class=\"mkdf-separator-holder clearfix  mkdf-separator-left \" >\n\t\t<div class=\"mkdf-separator\" style=\"width: 85px;border-bottom-width: 2px\"><\/div>\n\t<\/div>\n        \t\t\t<\/div>\n<\/div>[vc_column_text]<\/p>\n<p class=\"bodytext\"><span class=\"TextRun SCXW118560780 BCX0\" lang=\"DE-DE\" xml:lang=\"DE-DE\" data-contrast=\"auto\"><span class=\"NormalTextRun SCXW118560780 BCX0\">Auf einer <\/span><span class=\"NormalTextRun SCXW118560780 BCX0\">Weidef<\/span><span class=\"NormalTextRun SCXW118560780 BCX0\">l\u00e4che von 11<\/span><span class=\"NormalTextRun SCXW118560780 BCX0\"> ha bieten wir einen <\/span><span class=\"NormalTextRun SCXW118560780 BCX0\">art<\/span><span class=\"NormalTextRun SCXW118560780 BCX0\">gerechten<\/span><span class=\"NormalTextRun SCXW118560780 BCX0\"> Auslauf f\u00fcr Ihr Pferd an. Unsere Weiden sind ab Mai bis <\/span><span class=\"NormalTextRun SCXW118560780 BCX0\">Herbst (je nach Witterung)<\/span><span class=\"NormalTextRun SCXW118560780 BCX0\"> ge\u00f6ffnet. Hier gibt es eine gro\u00dfe Auswahl an Angeboten, wie Ihr Pferd den Sommer \u00fcber auf der Weide grasen soll. Wir bieten: Einzelhaltung, Partnerhaltung oder Gruppenhaltung (Stutenherde, Wallachherde) an.<\/span><\/span><span class=\"EOP SCXW118560780 BCX0\" data-ccp-props=\"{&quot;201341983&quot;:0,&quot;335559739&quot;:160,&quot;335559740&quot;:259}\">\u00a0<\/span><\/p>\n<p>[\/vc_column_text][\/vc_column][\/vc_row][\/vc_section][vc_section el_id=&#8220;boxen&#8220; el_class=&#8220;section-padding&#8220;][vc_row][vc_column]<div class=\"mkdf-section-title-holder   mkdf-st-subtitle-pos-under\" style=\"text-align: left\">\n\t<div class=\"mkdf-st-inner\">\n\t\t\t\t\t\t\t<h4 class=\"mkdf-st-title\" >\n\t\t\t\tBoxen\t\t\t<\/h4>\n\t\t\t\t<div class=\"mkdf-separator-holder clearfix  mkdf-separator-left \" >\n\t\t<div class=\"mkdf-separator\" style=\"width: 85px;border-bottom-width: 2px\"><\/div>\n\t<\/div>\n        \t\t\t<\/div>\n<\/div>[vc_column_text]<span data-contrast=\"auto\">Auf der Reitanlage Gut Ettenhausen haben Sie die Wahl, ob Ihr Pferd in einer Innenbox, Fensterbox, Au\u00dfenbox oder in einer Paddockbox stehen soll.<\/span><span data-ccp-props=\"{&quot;201341983&quot;:0,&quot;335559739&quot;:160,&quot;335559740&quot;:259}\">\u00a0<\/span><\/p>\n<p><span data-contrast=\"auto\">Gemistet und eingestreut wird einmal t\u00e4glich (bis auf sonntags) von unseren Mitarbeitern.<\/span><span data-ccp-props=\"{&quot;201341983&quot;:0,&quot;335559739&quot;:160,&quot;335559740&quot;:259}\">\u00a0<\/span>[\/vc_column_text][\/vc_column][\/vc_row][\/vc_section][vc_section el_id=&#8220;paddocks&#8220; el_class=&#8220;section-padding&#8220;][vc_row][vc_column]<div class=\"mkdf-section-title-holder   mkdf-st-subtitle-pos-under\" style=\"text-align: left\">\n\t<div class=\"mkdf-st-inner\">\n\t\t\t\t\t\t\t<h4 class=\"mkdf-st-title\" >\n\t\t\t\tPaddocks\t\t\t<\/h4>\n\t\t\t\t<div class=\"mkdf-separator-holder clearfix  mkdf-separator-left \" >\n\t\t<div class=\"mkdf-separator\" style=\"width: 85px;border-bottom-width: 2px\"><\/div>\n\t<\/div>\n        \t\t\t<\/div>\n<\/div>[vc_column_text]<\/p>\n<p class=\"bodytext\"><span class=\"TextRun SCXW211684197 BCX0\" lang=\"DE-DE\" xml:lang=\"DE-DE\" data-contrast=\"auto\"><span class=\"NormalTextRun SCXW211684197 BCX0\">G<\/span><span class=\"NormalTextRun SCXW211684197 BCX0\">anzj\u00e4hrig <\/span><span class=\"NormalTextRun SCXW211684197 BCX0\">stehen den Pferden <\/span><span class=\"NormalTextRun SCXW211684197 BCX0\">umz\u00e4unte<\/span><span class=\"NormalTextRun SCXW211684197 BCX0\"> Paddocks<\/span><span class=\"NormalTextRun SCXW211684197 BCX0\"> zur Verf\u00fcgung. <\/span><span class=\"NormalTextRun SCXW211684197 BCX0\">Auf diesen kann Ihr Pferd einzeln oder auch zu zweit Zeit an der frischen Luft verbringen.<\/span><\/span><span class=\"EOP SCXW211684197 BCX0\" data-ccp-props=\"{&quot;201341983&quot;:0,&quot;335559739&quot;:160,&quot;335559740&quot;:276}\">\u00a0<\/span><\/p>\n<p>[\/vc_column_text][\/vc_column][\/vc_row][\/vc_section][vc_section el_class=&#8220;section-padding&#8220;][vc_row][vc_column]<div class=\"mkdf-section-title-holder   mkdf-st-subtitle-pos-under\" style=\"text-align: left\">\n\t<div class=\"mkdf-st-inner\">\n\t\t\t\t\t\t\t<h4 class=\"mkdf-st-title\" >\n\t\t\t\tBilder des Pensionsstall\t\t\t<\/h4>\n\t\t\t\t<div class=\"mkdf-separator-holder clearfix  mkdf-separator-left \" >\n\t\t<div class=\"mkdf-separator\" style=\"width: 85px;border-bottom-width: 2px\"><\/div>\n\t<\/div>\n        \t\t\t<\/div>\n<\/div><div class=\"mkdf-image-gallery  mkdf-ig-masonry-type mkdf-medium-space  mkdf-image-behavior-lightbox mkdf-image-hover-shader\">\n\t<div class=\"mkdf-ig-inner mkdf-outer-space mkdf-ig-masonry mkdf-ig-two-columns\">\n\t\t<div class=\"mkdf-ig-grid-sizer\"><\/div>\n\t\t<div class=\"mkdf-ig-grid-gutter\"><\/div>\n\t\t\t\t\t\t\t\t<div class=\"mkdf-ig-image mkdf-item-space \">\n\t\t\t\t<div class=\"mkdf-ig-image-inner\">\n\t\t\t\t\t\t\t\t\t\t\t<a itemprop=\"image\" class=\"mkdf-ig-lightbox\" href=\"https:\/\/gut-ettenhausen.de\/wp-content\/uploads\/2022\/02\/weiden_paddocks_5.jpg\" data-rel=\"prettyPhoto[image_gallery_pretty_photo-881]\" title=\"weiden_paddocks_5\">\n\t\t\t\t\t\t\t<span class=\"mkdf-ig-lightbox-icon icon_plus\"><\/span>\n\t\t\t\t\t\t\t\t\t\t\t<img loading=\"lazy\" decoding=\"async\" width=\"691\" height=\"300\" src=\"https:\/\/gut-ettenhausen.de\/wp-content\/uploads\/2022\/02\/weiden_paddocks_5.jpg\" class=\"attachment-full size-full\" alt=\"\" srcset=\"https:\/\/gut-ettenhausen.de\/wp-content\/uploads\/2022\/02\/weiden_paddocks_5.jpg 691w, https:\/\/gut-ettenhausen.de\/wp-content\/uploads\/2022\/02\/weiden_paddocks_5-300x130.jpg 300w, https:\/\/gut-ettenhausen.de\/wp-content\/uploads\/2022\/02\/weiden_paddocks_5-600x260.jpg 600w\" sizes=\"auto, (max-width: 691px) 100vw, 691px\" \/>\t\t\t\t\t\t\t\t\t\t\t<\/a>\n\t\t\t\t\t\t\t\t\t<\/div>\n\t\t\t<\/div>\n\t\t\t\t\t\t\t\t<div class=\"mkdf-ig-image mkdf-item-space \">\n\t\t\t\t<div class=\"mkdf-ig-image-inner\">\n\t\t\t\t\t\t\t\t\t\t\t<a itemprop=\"image\" class=\"mkdf-ig-lightbox\" href=\"https:\/\/gut-ettenhausen.de\/wp-content\/uploads\/2022\/02\/weiden_paddocks_4.jpg\" data-rel=\"prettyPhoto[image_gallery_pretty_photo-881]\" title=\"weiden_paddocks_4\">\n\t\t\t\t\t\t\t<span class=\"mkdf-ig-lightbox-icon icon_plus\"><\/span>\n\t\t\t\t\t\t\t\t\t\t\t<img loading=\"lazy\" decoding=\"async\" width=\"691\" height=\"300\" src=\"https:\/\/gut-ettenhausen.de\/wp-content\/uploads\/2022\/02\/weiden_paddocks_4.jpg\" class=\"attachment-full size-full\" alt=\"\" srcset=\"https:\/\/gut-ettenhausen.de\/wp-content\/uploads\/2022\/02\/weiden_paddocks_4.jpg 691w, https:\/\/gut-ettenhausen.de\/wp-content\/uploads\/2022\/02\/weiden_paddocks_4-300x130.jpg 300w, https:\/\/gut-ettenhausen.de\/wp-content\/uploads\/2022\/02\/weiden_paddocks_4-600x260.jpg 600w\" sizes=\"auto, (max-width: 691px) 100vw, 691px\" \/>\t\t\t\t\t\t\t\t\t\t\t<\/a>\n\t\t\t\t\t\t\t\t\t<\/div>\n\t\t\t<\/div>\n\t\t\t\t\t\t\t\t<div class=\"mkdf-ig-image mkdf-item-space \">\n\t\t\t\t<div class=\"mkdf-ig-image-inner\">\n\t\t\t\t\t\t\t\t\t\t\t<a itemprop=\"image\" class=\"mkdf-ig-lightbox\" href=\"https:\/\/gut-ettenhausen.de\/wp-content\/uploads\/2022\/02\/weiden_paddocks_3.jpg\" data-rel=\"prettyPhoto[image_gallery_pretty_photo-881]\" title=\"weiden_paddocks_3\">\n\t\t\t\t\t\t\t<span class=\"mkdf-ig-lightbox-icon icon_plus\"><\/span>\n\t\t\t\t\t\t\t\t\t\t\t<img loading=\"lazy\" decoding=\"async\" width=\"691\" height=\"300\" src=\"https:\/\/gut-ettenhausen.de\/wp-content\/uploads\/2022\/02\/weiden_paddocks_3.jpg\" class=\"attachment-full size-full\" alt=\"\" srcset=\"https:\/\/gut-ettenhausen.de\/wp-content\/uploads\/2022\/02\/weiden_paddocks_3.jpg 691w, https:\/\/gut-ettenhausen.de\/wp-content\/uploads\/2022\/02\/weiden_paddocks_3-300x130.jpg 300w, https:\/\/gut-ettenhausen.de\/wp-content\/uploads\/2022\/02\/weiden_paddocks_3-600x260.jpg 600w\" sizes=\"auto, (max-width: 691px) 100vw, 691px\" \/>\t\t\t\t\t\t\t\t\t\t\t<\/a>\n\t\t\t\t\t\t\t\t\t<\/div>\n\t\t\t<\/div>\n\t\t\t\t\t\t\t\t<div class=\"mkdf-ig-image mkdf-item-space \">\n\t\t\t\t<div class=\"mkdf-ig-image-inner\">\n\t\t\t\t\t\t\t\t\t\t\t<a itemprop=\"image\" class=\"mkdf-ig-lightbox\" href=\"https:\/\/gut-ettenhausen.de\/wp-content\/uploads\/2022\/02\/weiden_paddocks_1.jpg\" data-rel=\"prettyPhoto[image_gallery_pretty_photo-881]\" title=\"weiden_paddocks_1\">\n\t\t\t\t\t\t\t<span class=\"mkdf-ig-lightbox-icon icon_plus\"><\/span>\n\t\t\t\t\t\t\t\t\t\t\t<img loading=\"lazy\" decoding=\"async\" width=\"691\" height=\"300\" src=\"https:\/\/gut-ettenhausen.de\/wp-content\/uploads\/2022\/02\/weiden_paddocks_1.jpg\" class=\"attachment-full size-full\" alt=\"\" srcset=\"https:\/\/gut-ettenhausen.de\/wp-content\/uploads\/2022\/02\/weiden_paddocks_1.jpg 691w, https:\/\/gut-ettenhausen.de\/wp-content\/uploads\/2022\/02\/weiden_paddocks_1-300x130.jpg 300w, https:\/\/gut-ettenhausen.de\/wp-content\/uploads\/2022\/02\/weiden_paddocks_1-600x260.jpg 600w\" sizes=\"auto, (max-width: 691px) 100vw, 691px\" \/>\t\t\t\t\t\t\t\t\t\t\t<\/a>\n\t\t\t\t\t\t\t\t\t<\/div>\n\t\t\t<\/div>\n\t\t\t\t\t\t\t\t<div class=\"mkdf-ig-image mkdf-item-space \">\n\t\t\t\t<div class=\"mkdf-ig-image-inner\">\n\t\t\t\t\t\t\t\t\t\t\t<a itemprop=\"image\" class=\"mkdf-ig-lightbox\" href=\"https:\/\/gut-ettenhausen.de\/wp-content\/uploads\/2022\/02\/pensionsstall-3.jpg\" data-rel=\"prettyPhoto[image_gallery_pretty_photo-881]\" title=\"pensionsstall-3\">\n\t\t\t\t\t\t\t<span class=\"mkdf-ig-lightbox-icon icon_plus\"><\/span>\n\t\t\t\t\t\t\t\t\t\t\t<img loading=\"lazy\" decoding=\"async\" width=\"691\" height=\"300\" src=\"https:\/\/gut-ettenhausen.de\/wp-content\/uploads\/2022\/02\/pensionsstall-3.jpg\" class=\"attachment-full size-full\" alt=\"\" srcset=\"https:\/\/gut-ettenhausen.de\/wp-content\/uploads\/2022\/02\/pensionsstall-3.jpg 691w, https:\/\/gut-ettenhausen.de\/wp-content\/uploads\/2022\/02\/pensionsstall-3-300x130.jpg 300w, https:\/\/gut-ettenhausen.de\/wp-content\/uploads\/2022\/02\/pensionsstall-3-600x260.jpg 600w\" sizes=\"auto, (max-width: 691px) 100vw, 691px\" \/>\t\t\t\t\t\t\t\t\t\t\t<\/a>\n\t\t\t\t\t\t\t\t\t<\/div>\n\t\t\t<\/div>\n\t\t\t\t\t\t\t\t<div class=\"mkdf-ig-image mkdf-item-space \">\n\t\t\t\t<div class=\"mkdf-ig-image-inner\">\n\t\t\t\t\t\t\t\t\t\t\t<a itemprop=\"image\" class=\"mkdf-ig-lightbox\" href=\"https:\/\/gut-ettenhausen.de\/wp-content\/uploads\/2022\/02\/pensionsstall-2.jpg\" data-rel=\"prettyPhoto[image_gallery_pretty_photo-881]\" title=\"pensionsstall-2\">\n\t\t\t\t\t\t\t<span class=\"mkdf-ig-lightbox-icon icon_plus\"><\/span>\n\t\t\t\t\t\t\t\t\t\t\t<img loading=\"lazy\" decoding=\"async\" width=\"691\" height=\"300\" src=\"https:\/\/gut-ettenhausen.de\/wp-content\/uploads\/2022\/02\/pensionsstall-2.jpg\" class=\"attachment-full size-full\" alt=\"\" srcset=\"https:\/\/gut-ettenhausen.de\/wp-content\/uploads\/2022\/02\/pensionsstall-2.jpg 691w, https:\/\/gut-ettenhausen.de\/wp-content\/uploads\/2022\/02\/pensionsstall-2-300x130.jpg 300w, https:\/\/gut-ettenhausen.de\/wp-content\/uploads\/2022\/02\/pensionsstall-2-600x260.jpg 600w\" sizes=\"auto, (max-width: 691px) 100vw, 691px\" \/>\t\t\t\t\t\t\t\t\t\t\t<\/a>\n\t\t\t\t\t\t\t\t\t<\/div>\n\t\t\t<\/div>\n\t\t\t\t\t\t\t\t<div class=\"mkdf-ig-image mkdf-item-space \">\n\t\t\t\t<div class=\"mkdf-ig-image-inner\">\n\t\t\t\t\t\t\t\t\t\t\t<a itemprop=\"image\" class=\"mkdf-ig-lightbox\" href=\"https:\/\/gut-ettenhausen.de\/wp-content\/uploads\/2022\/02\/pensionsstall-1.jpg\" data-rel=\"prettyPhoto[image_gallery_pretty_photo-881]\" title=\"pensionsstall-1\">\n\t\t\t\t\t\t\t<span class=\"mkdf-ig-lightbox-icon icon_plus\"><\/span>\n\t\t\t\t\t\t\t\t\t\t\t<img loading=\"lazy\" decoding=\"async\" width=\"691\" height=\"300\" src=\"https:\/\/gut-ettenhausen.de\/wp-content\/uploads\/2022\/02\/pensionsstall-1.jpg\" class=\"attachment-full size-full\" alt=\"\" srcset=\"https:\/\/gut-ettenhausen.de\/wp-content\/uploads\/2022\/02\/pensionsstall-1.jpg 691w, https:\/\/gut-ettenhausen.de\/wp-content\/uploads\/2022\/02\/pensionsstall-1-300x130.jpg 300w, https:\/\/gut-ettenhausen.de\/wp-content\/uploads\/2022\/02\/pensionsstall-1-600x260.jpg 600w\" sizes=\"auto, (max-width: 691px) 100vw, 691px\" \/>\t\t\t\t\t\t\t\t\t\t\t<\/a>\n\t\t\t\t\t\t\t\t\t<\/div>\n\t\t\t<\/div>\n\t\t\t\t\t\t\t\t<div class=\"mkdf-ig-image mkdf-item-space \">\n\t\t\t\t<div class=\"mkdf-ig-image-inner\">\n\t\t\t\t\t\t\t\t\t\t\t<a itemprop=\"image\" class=\"mkdf-ig-lightbox\" href=\"https:\/\/gut-ettenhausen.de\/wp-content\/uploads\/2024\/03\/WhatsApp-Image-2024-03-11-at-15.51.16.jpeg\" data-rel=\"prettyPhoto[image_gallery_pretty_photo-881]\" title=\"WhatsApp Image 2024-03-11 at 15.51.16\">\n\t\t\t\t\t\t\t<span class=\"mkdf-ig-lightbox-icon icon_plus\"><\/span>\n\t\t\t\t\t\t\t\t\t\t\t<img loading=\"lazy\" decoding=\"async\" width=\"1536\" height=\"2048\" src=\"https:\/\/gut-ettenhausen.de\/wp-content\/uploads\/2024\/03\/WhatsApp-Image-2024-03-11-at-15.51.16.jpeg\" class=\"attachment-full size-full\" alt=\"\" srcset=\"https:\/\/gut-ettenhausen.de\/wp-content\/uploads\/2024\/03\/WhatsApp-Image-2024-03-11-at-15.51.16.jpeg 1536w, https:\/\/gut-ettenhausen.de\/wp-content\/uploads\/2024\/03\/WhatsApp-Image-2024-03-11-at-15.51.16-225x300.jpeg 225w, https:\/\/gut-ettenhausen.de\/wp-content\/uploads\/2024\/03\/WhatsApp-Image-2024-03-11-at-15.51.16-768x1024.jpeg 768w, https:\/\/gut-ettenhausen.de\/wp-content\/uploads\/2024\/03\/WhatsApp-Image-2024-03-11-at-15.51.16-1152x1536.jpeg 1152w, https:\/\/gut-ettenhausen.de\/wp-content\/uploads\/2024\/03\/WhatsApp-Image-2024-03-11-at-15.51.16-600x800.jpeg 600w\" sizes=\"auto, (max-width: 1536px) 100vw, 1536px\" \/>\t\t\t\t\t\t\t\t\t\t\t<\/a>\n\t\t\t\t\t\t\t\t\t<\/div>\n\t\t\t<\/div>\n\t\t\t\t\t\t\t\t<div class=\"mkdf-ig-image mkdf-item-space \">\n\t\t\t\t<div class=\"mkdf-ig-image-inner\">\n\t\t\t\t\t\t\t\t\t\t\t<a itemprop=\"image\" class=\"mkdf-ig-lightbox\" href=\"https:\/\/gut-ettenhausen.de\/wp-content\/uploads\/2024\/03\/WhatsApp-Image-2024-03-11-at-15.51.15-1.jpeg\" data-rel=\"prettyPhoto[image_gallery_pretty_photo-881]\" title=\"WhatsApp Image 2024-03-11 at 15.51.15 (1)\">\n\t\t\t\t\t\t\t<span class=\"mkdf-ig-lightbox-icon icon_plus\"><\/span>\n\t\t\t\t\t\t\t\t\t\t\t<img loading=\"lazy\" decoding=\"async\" width=\"1200\" height=\"1600\" src=\"https:\/\/gut-ettenhausen.de\/wp-content\/uploads\/2024\/03\/WhatsApp-Image-2024-03-11-at-15.51.15-1.jpeg\" class=\"attachment-full size-full\" alt=\"\" srcset=\"https:\/\/gut-ettenhausen.de\/wp-content\/uploads\/2024\/03\/WhatsApp-Image-2024-03-11-at-15.51.15-1.jpeg 1200w, https:\/\/gut-ettenhausen.de\/wp-content\/uploads\/2024\/03\/WhatsApp-Image-2024-03-11-at-15.51.15-1-225x300.jpeg 225w, https:\/\/gut-ettenhausen.de\/wp-content\/uploads\/2024\/03\/WhatsApp-Image-2024-03-11-at-15.51.15-1-768x1024.jpeg 768w, https:\/\/gut-ettenhausen.de\/wp-content\/uploads\/2024\/03\/WhatsApp-Image-2024-03-11-at-15.51.15-1-1152x1536.jpeg 1152w, https:\/\/gut-ettenhausen.de\/wp-content\/uploads\/2024\/03\/WhatsApp-Image-2024-03-11-at-15.51.15-1-600x800.jpeg 600w\" sizes=\"auto, (max-width: 1200px) 100vw, 1200px\" \/>\t\t\t\t\t\t\t\t\t\t\t<\/a>\n\t\t\t\t\t\t\t\t\t<\/div>\n\t\t\t<\/div>\n\t\t\t\t\t\t\t\t<div class=\"mkdf-ig-image mkdf-item-space \">\n\t\t\t\t<div class=\"mkdf-ig-image-inner\">\n\t\t\t\t\t\t\t\t\t\t\t<a itemprop=\"image\" class=\"mkdf-ig-lightbox\" href=\"https:\/\/gut-ettenhausen.de\/wp-content\/uploads\/2024\/03\/WhatsApp-Image-2024-03-11-at-15.51.15.jpeg\" data-rel=\"prettyPhoto[image_gallery_pretty_photo-881]\" title=\"WhatsApp Image 2024-03-11 at 15.51.15\">\n\t\t\t\t\t\t\t<span class=\"mkdf-ig-lightbox-icon icon_plus\"><\/span>\n\t\t\t\t\t\t\t\t\t\t\t<img loading=\"lazy\" decoding=\"async\" width=\"1536\" height=\"2048\" src=\"https:\/\/gut-ettenhausen.de\/wp-content\/uploads\/2024\/03\/WhatsApp-Image-2024-03-11-at-15.51.15.jpeg\" class=\"attachment-full size-full\" alt=\"\" srcset=\"https:\/\/gut-ettenhausen.de\/wp-content\/uploads\/2024\/03\/WhatsApp-Image-2024-03-11-at-15.51.15.jpeg 1536w, https:\/\/gut-ettenhausen.de\/wp-content\/uploads\/2024\/03\/WhatsApp-Image-2024-03-11-at-15.51.15-225x300.jpeg 225w, https:\/\/gut-ettenhausen.de\/wp-content\/uploads\/2024\/03\/WhatsApp-Image-2024-03-11-at-15.51.15-768x1024.jpeg 768w, https:\/\/gut-ettenhausen.de\/wp-content\/uploads\/2024\/03\/WhatsApp-Image-2024-03-11-at-15.51.15-1152x1536.jpeg 1152w, https:\/\/gut-ettenhausen.de\/wp-content\/uploads\/2024\/03\/WhatsApp-Image-2024-03-11-at-15.51.15-600x800.jpeg 600w\" sizes=\"auto, (max-width: 1536px) 100vw, 1536px\" \/>\t\t\t\t\t\t\t\t\t\t\t<\/a>\n\t\t\t\t\t\t\t\t\t<\/div>\n\t\t\t<\/div>\n\t\t\t<\/div>\n<\/div>[\/vc_column][\/vc_row][\/vc_section]<\/p>\n","protected":false},"excerpt":{"rendered":"<p>[vc_section el_id=&#8220;weiden&#8220;][vc_row][vc_column][vc_column_text] Auf einer Weidefl\u00e4che von 11 ha bieten wir einen artgerechten Auslauf f\u00fcr Ihr Pferd an. Unsere Weiden sind ab Mai bis Herbst (je nach Witterung) ge\u00f6ffnet. Hier gibt es eine gro\u00dfe Auswahl an Angeboten, wie Ihr Pferd den [&hellip;]<\/p>\n","protected":false},"author":1,"featured_media":0,"parent":0,"menu_order":0,"comment_status":"closed","ping_status":"closed","template":"","meta":{"footnotes":""},"class_list":["post-14","page","type-page","status-publish","hentry"],"yoast_head":"<!-- This site is optimized with the Yoast SEO plugin v21.5 - https:\/\/yoast.com\/wordpress\/plugins\/seo\/ -->\n<title>Pensionsstall - Gut Ettenhausen<\/title>\n<meta name=\"robots\" content=\"index, follow, max-snippet:-1, max-image-preview:large, max-video-preview:-1\" \/>\n<link rel=\"canonical\" href=\"https:\/\/gut-ettenhausen.de\/?page_id=14\" \/>\n<meta property=\"og:locale\" content=\"de_DE\" \/>\n<meta property=\"og:type\" content=\"article\" \/>\n<meta property=\"og:title\" content=\"Pensionsstall - Gut Ettenhausen\" \/>\n<meta property=\"og:description\" content=\"[vc_section el_id=&#8220;weiden&#8220;][vc_row][vc_column][vc_column_text] Auf einer Weidefl\u00e4che von 11 ha bieten wir einen artgerechten Auslauf f\u00fcr Ihr Pferd an. Unsere Weiden sind ab Mai bis Herbst (je nach Witterung) ge\u00f6ffnet. Hier gibt es eine gro\u00dfe Auswahl an Angeboten, wie Ihr Pferd den [&hellip;]\" \/>\n<meta property=\"og:url\" content=\"https:\/\/gut-ettenhausen.de\/?page_id=14\" \/>\n<meta property=\"og:site_name\" content=\"Gut Ettenhausen\" \/>\n<meta property=\"article:modified_time\" content=\"2024-03-12T12:58:22+00:00\" \/>\n<meta name=\"twitter:card\" content=\"summary_large_image\" \/>\n<meta name=\"twitter:label1\" content=\"Gesch\u00e4tzte Lesezeit\" \/>\n\t<meta name=\"twitter:data1\" content=\"1\u00a0Minute\" \/>\n<script type=\"application\/ld+json\" class=\"yoast-schema-graph\">{\"@context\":\"https:\/\/schema.org\",\"@graph\":[{\"@type\":\"WebPage\",\"@id\":\"https:\/\/gut-ettenhausen.de\/?page_id=14\",\"url\":\"https:\/\/gut-ettenhausen.de\/?page_id=14\",\"name\":\"Pensionsstall - Gut Ettenhausen\",\"isPartOf\":{\"@id\":\"https:\/\/gut-ettenhausen.de\/#website\"},\"datePublished\":\"2021-10-04T19:49:17+00:00\",\"dateModified\":\"2024-03-12T12:58:22+00:00\",\"breadcrumb\":{\"@id\":\"https:\/\/gut-ettenhausen.de\/?page_id=14#breadcrumb\"},\"inLanguage\":\"de\",\"potentialAction\":[{\"@type\":\"ReadAction\",\"target\":[\"https:\/\/gut-ettenhausen.de\/?page_id=14\"]}]},{\"@type\":\"BreadcrumbList\",\"@id\":\"https:\/\/gut-ettenhausen.de\/?page_id=14#breadcrumb\",\"itemListElement\":[{\"@type\":\"ListItem\",\"position\":1,\"name\":\"Startseite\",\"item\":\"https:\/\/gut-ettenhausen.de\/\"},{\"@type\":\"ListItem\",\"position\":2,\"name\":\"Pensionsstall\"}]},{\"@type\":\"WebSite\",\"@id\":\"https:\/\/gut-ettenhausen.de\/#website\",\"url\":\"https:\/\/gut-ettenhausen.de\/\",\"name\":\"Gut Ettenhausen\",\"description\":\"Website des Gut Ettenhausen\",\"potentialAction\":[{\"@type\":\"SearchAction\",\"target\":{\"@type\":\"EntryPoint\",\"urlTemplate\":\"https:\/\/gut-ettenhausen.de\/?s={search_term_string}\"},\"query-input\":\"required name=search_term_string\"}],\"inLanguage\":\"de\"}]}<\/script>\n<!-- \/ Yoast SEO plugin. -->","yoast_head_json":{"title":"Pensionsstall - Gut Ettenhausen","robots":{"index":"index","follow":"follow","max-snippet":"max-snippet:-1","max-image-preview":"max-image-preview:large","max-video-preview":"max-video-preview:-1"},"canonical":"https:\/\/gut-ettenhausen.de\/?page_id=14","og_locale":"de_DE","og_type":"article","og_title":"Pensionsstall - Gut Ettenhausen","og_description":"[vc_section el_id=&#8220;weiden&#8220;][vc_row][vc_column][vc_column_text] Auf einer Weidefl\u00e4che von 11 ha bieten wir einen artgerechten Auslauf f\u00fcr Ihr Pferd an. Unsere Weiden sind ab Mai bis Herbst (je nach Witterung) ge\u00f6ffnet. Hier gibt es eine gro\u00dfe Auswahl an Angeboten, wie Ihr Pferd den [&hellip;]","og_url":"https:\/\/gut-ettenhausen.de\/?page_id=14","og_site_name":"Gut Ettenhausen","article_modified_time":"2024-03-12T12:58:22+00:00","twitter_card":"summary_large_image","twitter_misc":{"Gesch\u00e4tzte Lesezeit":"1\u00a0Minute"},"schema":{"@context":"https:\/\/schema.org","@graph":[{"@type":"WebPage","@id":"https:\/\/gut-ettenhausen.de\/?page_id=14","url":"https:\/\/gut-ettenhausen.de\/?page_id=14","name":"Pensionsstall - Gut Ettenhausen","isPartOf":{"@id":"https:\/\/gut-ettenhausen.de\/#website"},"datePublished":"2021-10-04T19:49:17+00:00","dateModified":"2024-03-12T12:58:22+00:00","breadcrumb":{"@id":"https:\/\/gut-ettenhausen.de\/?page_id=14#breadcrumb"},"inLanguage":"de","potentialAction":[{"@type":"ReadAction","target":["https:\/\/gut-ettenhausen.de\/?page_id=14"]}]},{"@type":"BreadcrumbList","@id":"https:\/\/gut-ettenhausen.de\/?page_id=14#breadcrumb","itemListElement":[{"@type":"ListItem","position":1,"name":"Startseite","item":"https:\/\/gut-ettenhausen.de\/"},{"@type":"ListItem","position":2,"name":"Pensionsstall"}]},{"@type":"WebSite","@id":"https:\/\/gut-ettenhausen.de\/#website","url":"https:\/\/gut-ettenhausen.de\/","name":"Gut Ettenhausen","description":"Website des Gut Ettenhausen","potentialAction":[{"@type":"SearchAction","target":{"@type":"EntryPoint","urlTemplate":"https:\/\/gut-ettenhausen.de\/?s={search_term_string}"},"query-input":"required name=search_term_string"}],"inLanguage":"de"}]}},"_links":{"self":[{"href":"https:\/\/gut-ettenhausen.de\/index.php?rest_route=\/wp\/v2\/pages\/14","targetHints":{"allow":["GET"]}}],"collection":[{"href":"https:\/\/gut-ettenhausen.de\/index.php?rest_route=\/wp\/v2\/pages"}],"about":[{"href":"https:\/\/gut-ettenhausen.de\/index.php?rest_route=\/wp\/v2\/types\/page"}],"author":[{"embeddable":true,"href":"https:\/\/gut-ettenhausen.de\/index.php?rest_route=\/wp\/v2\/users\/1"}],"replies":[{"embeddable":true,"href":"https:\/\/gut-ettenhausen.de\/index.php?rest_route=%2Fwp%2Fv2%2Fcomments&post=14"}],"version-history":[{"count":20,"href":"https:\/\/gut-ettenhausen.de\/index.php?rest_route=\/wp\/v2\/pages\/14\/revisions"}],"predecessor-version":[{"id":774,"href":"https:\/\/gut-ettenhausen.de\/index.php?rest_route=\/wp\/v2\/pages\/14\/revisions\/774"}],"wp:attachment":[{"href":"https:\/\/gut-ettenhausen.de\/index.php?rest_route=%2Fwp%2Fv2%2Fmedia&parent=14"}],"curies":[{"name":"wp","href":"https:\/\/api.w.org\/{rel}","templated":true}]}}