{"id":21,"date":"2021-10-04T19:49:17","date_gmt":"2021-10-04T19:49:17","guid":{"rendered":"https:\/\/gut-ettenhausen.website\/?page_id=21"},"modified":"2025-07-29T07:32:43","modified_gmt":"2025-07-29T07:32:43","slug":"reitunterricht","status":"publish","type":"page","link":"https:\/\/gut-ettenhausen.de\/?page_id=21","title":{"rendered":"Reitunterricht"},"content":{"rendered":"<p>[vc_section css=&#8220;.vc_custom_1753774281611{margin-bottom: 0px !important;}&#8220;][vc_row el_class=&#8220;alert-row&#8220;][vc_column][vc_column_text]<\/p>\n<p style=\"text-align: center;\"><strong>Anmeldestop f\u00fcr Voltigieren und Anf\u00e4nger<\/strong><\/p>\n<p style=\"text-align: center;\">Derzeit k\u00f6nnen keine weiteren Anfrage f\u00fcr Voltigieren und Anf\u00e4nger aufgenommen werden.<\/p>\n<p>[\/vc_column_text][\/vc_column][\/vc_row][vc_row][vc_column][vc_column_text]<\/p>\n<ul>\n<li>Reitunterricht f\u00fcr Kinder (ab 8 Jahren), Jugendliche und Erwachsene in der Gruppe (Gruppenzusammenstellung nach Leistungsniveau)<\/li>\n<li>Einzelunterricht f\u00fcr Anf\u00e4nger (Kinder und Erwachsene) an der Longe.<\/li>\n<li>Ausritte f\u00fcr fortgeschrittene Reiter in den Sommermonaten<\/li>\n<li>Quadrillenreiten in den Wintermonaten<\/li>\n<li>Voltigieren f\u00fcr Kinder ab 5 Jahren<\/li>\n<li>Erwachsenenlehrg\u00e4nge<\/li>\n<li>Anf\u00e4ngerlehrg\u00e4nge f\u00fcr Kinder in den Ferien<\/li>\n<li>Abzeichenlehrg\u00e4nge (Hufeisen, dt. Reitabzeichen)<\/li>\n<li>Springstunden f\u00fcr Einsteiger<\/li>\n<\/ul>\n<p>[\/vc_column_text][\/vc_column][\/vc_row][\/vc_section][vc_section el_id=&#8220;reitbeteiligung&#8220; css=&#8220;.vc_custom_1644135312426{margin-bottom: 0px !important;}&#8220; el_class=&#8220;section-padding&#8220;][vc_row][vc_column]<div class=\"mkdf-section-title-holder   mkdf-st-subtitle-pos-under\" style=\"text-align: left\">\n\t<div class=\"mkdf-st-inner\">\n\t\t\t\t\t\t\t<h4 class=\"mkdf-st-title\" >\n\t\t\t\tReitbeteiligung\t\t\t<\/h4>\n\t\t\t\t<div class=\"mkdf-separator-holder clearfix  mkdf-separator-left \" >\n\t\t<div class=\"mkdf-separator\" style=\"width: 85px;border-bottom-width: 2px\"><\/div>\n\t<\/div>\n        \t\t\t\t\t<p class=\"mkdf-st-text\" >\n\t\t\t\tIm Mittelpunkt unserer Arbeit steht die Beziehung zwischen Mensch und Pferd. Deshalb vergeben wir an unseren Schulpferden Reitbeteiligungen, um diese Beziehung zu vertiefen. So bildet sich um jedes Schulpferd ein kleines Team an Reitsch\u00fclern, die gemeinsam Verantwortung \u00fcbernehmen und an Zielen arbeiten k\u00f6nnen.<br \/>\nDer Unterricht findet in kleinen Gruppen mit maximal vier Reitern statt. Durch die kleine Gruppenst\u00e4rke kennen sich unsere Reitsch\u00fcler, arbeiten miteinander und unterst\u00fctzen sich gegenseitig.<br \/>\nVoraussetzung f\u00fcr eine Reitbeteiligung sind der sichere Umgang beim Putzen des Pferdes sowie das selbstst\u00e4ndige Reiten in den drei Grundgangarten.\t\t\t<\/p>\n\t\t\t<\/div>\n<\/div>[vc_column_text][\/vc_column_text][\/vc_column][\/vc_row][\/vc_section][vc_section el_id=&#8220;einzelunterricht&#8220; css=&#8220;.vc_custom_1644135607808{margin-bottom: 0px !important;}&#8220; el_class=&#8220;section-padding&#8220;][vc_row][vc_column]<div class=\"mkdf-section-title-holder   mkdf-st-subtitle-pos-under\" style=\"text-align: left\">\n\t<div class=\"mkdf-st-inner\">\n\t\t\t\t\t\t\t<h4 class=\"mkdf-st-title\" >\n\t\t\t\tEinzelunterricht\t\t\t<\/h4>\n\t\t\t\t<div class=\"mkdf-separator-holder clearfix  mkdf-separator-left \" >\n\t\t<div class=\"mkdf-separator\" style=\"width: 85px;border-bottom-width: 2px\"><\/div>\n\t<\/div>\n        \t\t\t\t\t<p class=\"mkdf-st-text\" >\n\t\t\t\tNeben dem Unterricht in Kleingruppen gibt es die M\u00f6glichkeit Einzelstunden zu vereinbaren. Diese k\u00f6nnen sowohl im Rahmen der Reitbeteiligungen als auch ohne feste Reitbeteiligung gebucht werden.<br \/>\nEine Einzelstunde umfasst je nach Wunsch 30 oder 45 Minuten. Die Termine k\u00f6nnt ihr mit jedem Reitlehrer unseres Teams individuell absprechen.\t\t\t<\/p>\n\t\t\t<\/div>\n<\/div>[vc_column_text][\/vc_column_text][\/vc_column][\/vc_row][\/vc_section][vc_section el_id=&#8220;voltigieren&#8220; css=&#8220;.vc_custom_1644136376534{margin-bottom: 0px !important;}&#8220; el_class=&#8220;section-padding&#8220;][vc_row][vc_column]<div class=\"mkdf-section-title-holder   mkdf-st-subtitle-pos-under\" style=\"text-align: left\">\n\t<div class=\"mkdf-st-inner\">\n\t\t\t\t\t\t\t<h4 class=\"mkdf-st-title\" >\n\t\t\t\tVoltigieren\t\t\t<\/h4>\n\t\t\t\t<div class=\"mkdf-separator-holder clearfix  mkdf-separator-left \" >\n\t\t<div class=\"mkdf-separator\" style=\"width: 85px;border-bottom-width: 2px\"><\/div>\n\t<\/div>\n        \t\t\t\t\t<p class=\"mkdf-st-text\" >\n\t\t\t\tKinder ab 5 Jahren werden bei uns auf spielerische Art und Weise an das Lebewesen Pferd und den Reitsport herangef\u00fchrt, dabei stehen Bewegung und Spa\u00df im Vordergrund.\nGleichzeitig wird der Gleichgewichtssinn verbessert, das Miteinander in der Gruppe gef\u00f6rdert und der Umgang mit dem vierbeinigen Partner geschult.\t\t\t<\/p>\n\t\t\t<\/div>\n<\/div>[vc_column_text][\/vc_column_text][\/vc_column][\/vc_row][\/vc_section]<\/p>\n","protected":false},"excerpt":{"rendered":"<p>[vc_section css=&#8220;.vc_custom_1753774281611{margin-bottom: 0px !important;}&#8220;][vc_row el_class=&#8220;alert-row&#8220;][vc_column][vc_column_text] Anmeldestop f\u00fcr Voltigieren und Anf\u00e4nger Derzeit k\u00f6nnen keine weiteren Anfrage f\u00fcr Voltigieren und Anf\u00e4nger aufgenommen werden. [\/vc_column_text][\/vc_column][\/vc_row][vc_row][vc_column][vc_column_text] Reitunterricht f\u00fcr Kinder (ab 8 Jahren), Jugendliche und Erwachsene in der Gruppe (Gruppenzusammenstellung nach Leistungsniveau) Einzelunterricht f\u00fcr Anf\u00e4nger [&hellip;]<\/p>\n","protected":false},"author":1,"featured_media":0,"parent":0,"menu_order":0,"comment_status":"closed","ping_status":"closed","template":"","meta":{"footnotes":""},"class_list":["post-21","page","type-page","status-publish","hentry"],"yoast_head":"<!-- This site is optimized with the Yoast SEO plugin v21.5 - https:\/\/yoast.com\/wordpress\/plugins\/seo\/ -->\n<title>Reitunterricht - Gut Ettenhausen<\/title>\n<meta name=\"robots\" content=\"index, follow, max-snippet:-1, max-image-preview:large, max-video-preview:-1\" \/>\n<link rel=\"canonical\" href=\"https:\/\/gut-ettenhausen.de\/?page_id=21\" \/>\n<meta property=\"og:locale\" content=\"de_DE\" \/>\n<meta property=\"og:type\" content=\"article\" \/>\n<meta property=\"og:title\" content=\"Reitunterricht - Gut Ettenhausen\" \/>\n<meta property=\"og:description\" content=\"[vc_section css=&#8220;.vc_custom_1753774281611{margin-bottom: 0px !important;}&#8220;][vc_row el_class=&#8220;alert-row&#8220;][vc_column][vc_column_text] Anmeldestop f\u00fcr Voltigieren und Anf\u00e4nger Derzeit k\u00f6nnen keine weiteren Anfrage f\u00fcr Voltigieren und Anf\u00e4nger aufgenommen werden. [\/vc_column_text][\/vc_column][\/vc_row][vc_row][vc_column][vc_column_text] Reitunterricht f\u00fcr Kinder (ab 8 Jahren), Jugendliche und Erwachsene in der Gruppe (Gruppenzusammenstellung nach Leistungsniveau) Einzelunterricht f\u00fcr Anf\u00e4nger [&hellip;]\" \/>\n<meta property=\"og:url\" content=\"https:\/\/gut-ettenhausen.de\/?page_id=21\" \/>\n<meta property=\"og:site_name\" content=\"Gut Ettenhausen\" \/>\n<meta property=\"article:modified_time\" content=\"2025-07-29T07:32:43+00:00\" \/>\n<meta name=\"twitter:card\" content=\"summary_large_image\" \/>\n<meta name=\"twitter:label1\" content=\"Gesch\u00e4tzte Lesezeit\" \/>\n\t<meta name=\"twitter:data1\" content=\"2\u00a0Minuten\" \/>\n<script type=\"application\/ld+json\" class=\"yoast-schema-graph\">{\"@context\":\"https:\/\/schema.org\",\"@graph\":[{\"@type\":\"WebPage\",\"@id\":\"https:\/\/gut-ettenhausen.de\/?page_id=21\",\"url\":\"https:\/\/gut-ettenhausen.de\/?page_id=21\",\"name\":\"Reitunterricht - Gut Ettenhausen\",\"isPartOf\":{\"@id\":\"https:\/\/gut-ettenhausen.de\/#website\"},\"datePublished\":\"2021-10-04T19:49:17+00:00\",\"dateModified\":\"2025-07-29T07:32:43+00:00\",\"breadcrumb\":{\"@id\":\"https:\/\/gut-ettenhausen.de\/?page_id=21#breadcrumb\"},\"inLanguage\":\"de\",\"potentialAction\":[{\"@type\":\"ReadAction\",\"target\":[\"https:\/\/gut-ettenhausen.de\/?page_id=21\"]}]},{\"@type\":\"BreadcrumbList\",\"@id\":\"https:\/\/gut-ettenhausen.de\/?page_id=21#breadcrumb\",\"itemListElement\":[{\"@type\":\"ListItem\",\"position\":1,\"name\":\"Startseite\",\"item\":\"https:\/\/gut-ettenhausen.de\/\"},{\"@type\":\"ListItem\",\"position\":2,\"name\":\"Reitunterricht\"}]},{\"@type\":\"WebSite\",\"@id\":\"https:\/\/gut-ettenhausen.de\/#website\",\"url\":\"https:\/\/gut-ettenhausen.de\/\",\"name\":\"Gut Ettenhausen\",\"description\":\"Website des Gut Ettenhausen\",\"potentialAction\":[{\"@type\":\"SearchAction\",\"target\":{\"@type\":\"EntryPoint\",\"urlTemplate\":\"https:\/\/gut-ettenhausen.de\/?s={search_term_string}\"},\"query-input\":\"required name=search_term_string\"}],\"inLanguage\":\"de\"}]}<\/script>\n<!-- \/ Yoast SEO plugin. -->","yoast_head_json":{"title":"Reitunterricht - Gut Ettenhausen","robots":{"index":"index","follow":"follow","max-snippet":"max-snippet:-1","max-image-preview":"max-image-preview:large","max-video-preview":"max-video-preview:-1"},"canonical":"https:\/\/gut-ettenhausen.de\/?page_id=21","og_locale":"de_DE","og_type":"article","og_title":"Reitunterricht - Gut Ettenhausen","og_description":"[vc_section css=&#8220;.vc_custom_1753774281611{margin-bottom: 0px !important;}&#8220;][vc_row el_class=&#8220;alert-row&#8220;][vc_column][vc_column_text] Anmeldestop f\u00fcr Voltigieren und Anf\u00e4nger Derzeit k\u00f6nnen keine weiteren Anfrage f\u00fcr Voltigieren und Anf\u00e4nger aufgenommen werden. [\/vc_column_text][\/vc_column][\/vc_row][vc_row][vc_column][vc_column_text] Reitunterricht f\u00fcr Kinder (ab 8 Jahren), Jugendliche und Erwachsene in der Gruppe (Gruppenzusammenstellung nach Leistungsniveau) Einzelunterricht f\u00fcr Anf\u00e4nger [&hellip;]","og_url":"https:\/\/gut-ettenhausen.de\/?page_id=21","og_site_name":"Gut Ettenhausen","article_modified_time":"2025-07-29T07:32:43+00:00","twitter_card":"summary_large_image","twitter_misc":{"Gesch\u00e4tzte Lesezeit":"2\u00a0Minuten"},"schema":{"@context":"https:\/\/schema.org","@graph":[{"@type":"WebPage","@id":"https:\/\/gut-ettenhausen.de\/?page_id=21","url":"https:\/\/gut-ettenhausen.de\/?page_id=21","name":"Reitunterricht - Gut Ettenhausen","isPartOf":{"@id":"https:\/\/gut-ettenhausen.de\/#website"},"datePublished":"2021-10-04T19:49:17+00:00","dateModified":"2025-07-29T07:32:43+00:00","breadcrumb":{"@id":"https:\/\/gut-ettenhausen.de\/?page_id=21#breadcrumb"},"inLanguage":"de","potentialAction":[{"@type":"ReadAction","target":["https:\/\/gut-ettenhausen.de\/?page_id=21"]}]},{"@type":"BreadcrumbList","@id":"https:\/\/gut-ettenhausen.de\/?page_id=21#breadcrumb","itemListElement":[{"@type":"ListItem","position":1,"name":"Startseite","item":"https:\/\/gut-ettenhausen.de\/"},{"@type":"ListItem","position":2,"name":"Reitunterricht"}]},{"@type":"WebSite","@id":"https:\/\/gut-ettenhausen.de\/#website","url":"https:\/\/gut-ettenhausen.de\/","name":"Gut Ettenhausen","description":"Website des Gut Ettenhausen","potentialAction":[{"@type":"SearchAction","target":{"@type":"EntryPoint","urlTemplate":"https:\/\/gut-ettenhausen.de\/?s={search_term_string}"},"query-input":"required name=search_term_string"}],"inLanguage":"de"}]}},"_links":{"self":[{"href":"https:\/\/gut-ettenhausen.de\/index.php?rest_route=\/wp\/v2\/pages\/21","targetHints":{"allow":["GET"]}}],"collection":[{"href":"https:\/\/gut-ettenhausen.de\/index.php?rest_route=\/wp\/v2\/pages"}],"about":[{"href":"https:\/\/gut-ettenhausen.de\/index.php?rest_route=\/wp\/v2\/types\/page"}],"author":[{"embeddable":true,"href":"https:\/\/gut-ettenhausen.de\/index.php?rest_route=\/wp\/v2\/users\/1"}],"replies":[{"embeddable":true,"href":"https:\/\/gut-ettenhausen.de\/index.php?rest_route=%2Fwp%2Fv2%2Fcomments&post=21"}],"version-history":[{"count":14,"href":"https:\/\/gut-ettenhausen.de\/index.php?rest_route=\/wp\/v2\/pages\/21\/revisions"}],"predecessor-version":[{"id":806,"href":"https:\/\/gut-ettenhausen.de\/index.php?rest_route=\/wp\/v2\/pages\/21\/revisions\/806"}],"wp:attachment":[{"href":"https:\/\/gut-ettenhausen.de\/index.php?rest_route=%2Fwp%2Fv2%2Fmedia&parent=21"}],"curies":[{"name":"wp","href":"https:\/\/api.w.org\/{rel}","templated":true}]}}